n(-4).
-21
Let b(g) = 12*g + 196. What is b(-15)?
16
Let x(u) = -6*u + 14. What is x(-6)?
50
Let h(n) = n**2 - 10. What is h(-3)?
-1
Let r(t) = -t**3 - 9*t**2 - 2*t + 22. What is r(-9)?
40
Let d(b) = b**2 + 9*b - 8. Give d(-11).
14
Let p(x) = x**3 + 5*x**2 - 4*x + 2. Give p(-4).
34
Let q(c) = c**3 + 8*c**2 - 3*c + 4. Give q(-9).
-50
Let t(p) = p**3 - 31*p**2 - 30*p - 62. What is t(32)?
2
Let o(a) = a**2 + 2*a - 5. What is o(3)?
10
Let y(o) = -o**3 - 19*o**2 - 16*o + 46. Give y(-18).
10
Let g(v) = v**3 - 5*v**2 - 8*v + 3. Give g(6).
-9
Let y(x) = -x**2 + 114*x + 114. Calculate y(-1).
-1
Let g(t) = -11*t + 3. What is g(-2)?
25
Let r(j) = -10*j - 3. Calculate r(-2).
17
Let a(j) = -2*j**2 + 15*j + 57. What is a(10)?
7
Let f(t) = -t**2 + t + 7. Calculate f(7).
-35
Let b(s) = 2*s**2 + 4*s + 8. Determine b(-4).
24
Let p(u) = -u**3 - 3*u**2 + 8*u - 7. What is p(-5)?
3
Let r(o) = o - 10. Determine r(8).
-2
Let s(r) = r**3 + 2*r**2 + 5*r - 4. Determine s(-4).
-56
Let u(c) = 3*c**2 - 42*c + 32. Determine u(13).
-7
Let u(j) = -j**2 - 6*j. Determine u(-4).
8
Let m(u) = -2*u**3 + u**2 + u. Determine m(-1).
2
Let r(n) = 8*n**3 + n**2 + 3*n + 1. Calculate r(-1).
-9
Let f(w) = -3*w + 1. What is f(-2)?
7
Let o(c) = -c**3 - 10*c**2 - 12*c + 25. What is o(-8)?
-7
Let v(g) = -5*g**2 + 10*g - 19. Give v(2).
-19
Let l(v) = -v**3 - 23*v**2 - 40*v + 33. Give l(-21).
-9
Let i(b) = -7*b**2 - 2*b - 6. What is i(0)?
-6
Let p(n) = -n**3 - 7*n**2 - 7*n + 6. What is p(-6)?
12
Let u(s) = s**2 - 10*s - 19. Determine u(11).
-8
Let o(t) = -13*t - 81. Give o(-6).
-3
Let i(y) = 2*y + 7. Calculate i(-9).
-11
Let l(b) = 2*b + 12. Calculate l(-4).
4
Let t(h) = -25*h - 224. Calculate t(-9).
1
Let l(v) = -v**2 + 18*v - 35. Give l(16).
-3
Let g(v) = v**3 - 6*v**2 - 5*v - 22. Calculate g(6).
-52
Let g(z) = z**3 + 7*z**2 - 8*z - 6. Give g(-9).
-96
Let b(w) = 3*w**2 - 4*w + 1. What is b(3)?
16
Let s(r) = r**3 + 14*r**2 + 16*r - 190. What is s(-11)?
-3
Let l(o) = -o**2 - 35*o - 267. What is l(-10)?
-17
Let r(n) = n**2 + 9*n - 8. Determine r(-5).
-28
Let d(v) = -3*v**3 + 6*v**2 + 5*v - 3. Determine d(3).
-15
Let o(i) = 7*i - 4. Determine o(1).
3
Let i(g) = -g**3 + 8*g**2 - 3*g - 10. Give i(7).
18
Let g(c) = 4*c - 11. What is g(4)?
5
Let q(t) = 6*t - 6. What is q(-4)?
-30
Let k(z) = 2*z**2 + 3*z - 3. Calculate k(2).
11
Let y(h) = -h**2 - 7*h + 22. What is y(-7)?
22
Let i(y) = -y + 29. Give i(0).
29
Let n(u) = -10*u + 34. What is n(-10)?
134
Let l(c) = -c**2 - 3*c + 4. What is l(-2)?
6
Let u(o) = o**3 + 13*o**2 - 14*o + 5. Determine u(-14).
5
Let c(y) = y**3 - 5*y**2 + 2*y + 14. Calculate c(4).
6
Let x(a) = -a + 17. Calculate x(8).
9
Let f(j) = -4*j + 2. What is f(3)?
-10
Let z(x) = 5*x + 58. Calculate z(-10).
8
Let c(u) = -u**3 + 4*u**2 + 4*u + 3. What is c(-2)?
19
Let w(s) = s**2 - 15*s + 1. Calculate w(15).
1
Let k(j) = j**3 - 9*j**2 - 9*j - 4. What is k(10)?
6
Let l(d) = 26*d - 44. Give l(2).
8
Let d(g) = 2*g**2 - 7*g + 25. Give d(4).
29
Let t(c) = 2*c**2 + 25*c. What is t(-14)?
42
Let h(l) = l**2 + 9*l - 13. Calculate h(0).
-13
Let o(z) = z**3 - 13*z**2 + 18*z + 3. What is o(11)?
-41
Let y(b) = -b**3 + 6*b**2 + 6*b + 9. Determine y(7).
2
Let k(a) = 4*a + 50. What is k(-11)?
6
Let y(o) = o**2 + 12*o + 17. Calculate y(-10).
-3
Let i(d) = -2*d**2 - 29*d + 2. Give i(-13).
41
Let k(o) = 4*o + 1. What is k(2)?
9
Let t(w) = w**3 + 2*w**2 - 13*w - 2. Determine t(3).
4
Let v(p) = -3*p - 4. Give v(-3).
5
Let l(k) = -12*k**2 + k + 2. Give l(-1).
-11
Let g(f) = -3*f - 36. What is g(-14)?
6
Let r(w) = -w**3 + 7*w**2 + 4*w - 17. What is r(7)?
11
Let t(g) = g - 34. Calculate t(10).
-24
Let n(i) = -8*i + 39. Determine n(-6).
87
Let c(z) = 4*z**2 + z + 13. Calculate c(-3).
46
Let m(g) = g - 12. What is m(12)?
0
Let u(o) = -o**3 + 15*o**2 - 23*o - 41. What is u(13)?
-2
Let j(d) = -d + 3. Calculate j(9).
-6
Let o(m) = -m**2 - 2*m - 10. Determine o(0).
-10
Let b(o) = -o**2 + o + 1. Give b(2).
-1
Let p(o) = -2*o**2 + 14*o + 33. What is p(-2)?
-3
Let x(s) = s**3 - 15*s**2 + 16*s - 25. Determine x(14).
3
Let j(a) = a - 17. Determine j(7).
-10
Let f(z) = -z**2 - 57*z + 1. Determine f(-57).
1
Let a(c) = c**3 - 29*c**2 - 26*c - 115. Give a(30).
5
Let z(y) = 2*y**2 + 15*y - 3. Give z(-9).
24
Let q(c) = c**2 - 5*c - 1. Give q(3).
-7
Let i(w) = 40*w - 435. What is i(11)?
5
Let v(h) = h**2 + h - 62. Determine v(7).
-6
Let o(v) = -v**3 + v**2 + 5*v - 1. Calculate o(4).
-29
Let y(w) = -w**2 + 15*w - 37. Determine y(12).
-1
Let f(k) = 3*k**2 - 9*k + 5. Calculate f(6).
59
Let n(q) = -q**3 - 6*q**2 - 16*q + 1. Determine n(-7).
162
Let w(t) = -t**2 - 14*t + 5. Give w(-14).
5
Let s(b) = 2*b**2 - 6*b - 14. Give s(-6).
94
Let z(j) = j**2 - 4*j - 17. What is z(5)?
-12
Let r(s) = 3*s + 3. Give r(-2).
-3
Let u(f) = -3*f**2 - 43*f + 25. Determine u(-15).
-5
Let t(b) = -b**3 + 14*b**2 - b + 21. What is t(14)?
7
Let t(b) = -14*b + 2. Give t(-1).
16
Let z(p) = 2*p**2 + 5*p + 3. Determine z(-4).
15
Let c(x) = -x**3 + 7*x**2 - 11*x + 12. Calculate c(5).
7
Let o(x) = 4*x + 18. Determine o(-6).
-6
Let w(q) = -2*q**2 - 66*q - 61. Determine w(-32).
3
Let m(u) = u**3 + 2*u**2 - 13*u + 23. Give m(2).
13
Let z(t) = 2*t**3 + 16*t**2 - 3*t - 17. Give z(-8).
7
Let q(d) = -5*d + 5. Give q(3).
-10
Let f(r) = -8*r**2 - 3*r - 2. What is f(-1)?
-7
Let w(k) = 21*k - 18. What is w(0)?
-18
Let g(m) = -4*m - 11. Calculate g(-12).
37
Let v(i) = -i**3 - 9*i**2 - 19*i - 12. Calculate v(-6).
-6
Let h(o) = -18*o**2 - 3*o - 3. Determine h(-1).
-18
Let b(d) = 8*d - 19. Determine b(2).
-3
Let y(b) = b**2 + 10*b - 76. Calculate y(-15).
-1
Let h(i) = i + 30. Give h(-30).
0
Let m(c) = -12*c**3 - 5*c**2 + c. Give m(1).
-16
Let g(y) = y**3 + 8*y**2 - 4*y - 19. Calculate g(-8).
13
Let q(b) = -b + 4. Determine q(11).
-7
Let l(v) = v**2 + 27*v - 41. Give l(-23).
-133
Let a(j) = j**2 + 10*j + 8. Give a(-7).
-13
Let u(m) = 6*m + 1. What is u(-1)?
-5
Let j(g) = -g**2 + 13*g + 24. Calculate j(14).
10
Let a(z) = -z**3 - z**2 + 4. Determine a(0).
4
Let f(q) = -5*q**2 + 2*q - 1. Give f(1).
-4
Let j(p) = 2*p**2 - 10*p + 22. Give j(3).
10
Let j(r) = 4*r + 19. Determine j(-8).
-13
Let m(p) = p**2 + 6*p - 16. What is m(-8)?
0
Let p(i) = i**2 + 51*i + 406. Calculate p(-10).
-4
Let z(c) = -c**3 - 5*c**2 + 5*c + 3. Give z(-6).
9
Let y(g) = -g**2 + 13*g. What is y(12)?
12
Let w(n) = 3*n + 54. Determine w(-18).
0
Let w(p) = -p**3 + 5*p**2 - 2*p + 5. Determine w(5).
-5
Let m(b) = 2*b + 6. Give m(-10).
-14
Let k(o) = 6*o - 26. Give k(9).
28
Let a(v) = -v - 4. Calculate a(2).
-6
Let u(b) = -b**3 + 13*b**2 + 14*b + 30. Give u(14).
30
Let a(i) = -2*i**2 + 36*i + 11. Give a(18).
11
Let b(w) = -4*w**2 + 2*w. Give b(-3).
-42
Let u(o) = -o - 19. What is u(-4)?
-15
Let i(k) = 5*k - 92. Determine i(21).
13
Let z(r) = 19*r - 9. What is z(2)?
29
Let f(d) = -5*d - 1. Determine f(-1).
4
Let b(t) = 5*t - 80. Give b(17).
5
Let g(k) = k**2 + 57*k - 383. Give g(6).
-5
Let d(j) = -2*j**3 + j**2 - j + 4. Determine d(0).
4
Let k(f) = f**3 - 34*f**2 - 34*f - 52. What is k(35)?
-17
Let y(v) = -v**2 - 5*v + 23. Determine y(-7).
9
Let v(z) = -z**2 - 6. What is v(0)?
-6
Let x(m) = -m**3 + 36*m**2 - 33*m - 72. Determine x(35).
-2
Let c(g) = -g**2 + 10*g - 7. What is c(9)?
2
Let x(h) = -5*h**3 - h**2 + h. What is x(2)?
-42
Let y(a) = -2*a**3 - 2*a**2 + 5*a + 5. Calculate y(-1).
0
Let d(s) = s**3 - 7*s**2 + 10*s - 44. What is d(7)?
26
Let d(m) = 7*m + 5. Give d(-9).
-58
Let y(t) = t**2 - 79. Give y(-10).
21
Let a(l) = -l**3 - 16*l**2 + 22*l + 14. Give a(-17).
-71
Let d(s) = -s**3 - 17*s**2 + 37*s - 15. Determine d(-19).
4
Let y(q) = q**2 + 16*q + 12. Calculate y(-5).
-43
Let i(u) = 15*u**3 - u**2. What is i(1)?
14
Let z(x) = -x**2 + 2*x + 3. Determine z(-3).
-12
Let w(a) = 2*a**3 - 8*a**2 + 2*a + 7. Give w(5).
67
Let l(x) = x**3 + 7*x**2 - 10*x - 9. Determine l(-8).
7
Let v(r) = r + 4. Give v(-1).
3
Let l(w) = -w + 71. Calculate l(19).
52
Let o(v) = v**2 + 6*v - 2. Calculate o(-5).
-7
Let d(v) = v**3 - 3*v**2 - 2*v + 3. Give d(1).
-1
Let r(o) = -o**2 + 10*o - 28. Give r(7).
-7
Let d(v) = -4*v**2 - 6*v + 6. Determine d(-5).
-64
Let g(o) = -o - 10. Calculate g(13).
-23
Let u(z) = z**2 + 15*z - 20. Determine u(-16).
-4
Let i(a) = -a**2 - 26*a + 70. Calculate i(-29).
-17
Let b(a) = -3*a**3 + a**2 - 4*a - 3. What i